p - 45. Calculate a(49).
4
Let q(s) = s**3 - 6*s**2 + 10*s - 14. What is q(5)?
11
Let c(v) = v**3 + v**2 + 2. Give c(0).
2
Let t(j) = 2*j**3 - 23*j**2 + 12*j - 2. Calculate t(11).
9
Let l(w) = -w**2 + 11*w - 8. Give l(7).
20
Let a(x) = x - 35. What is a(0)?
-35
Let k(t) = 6*t - 27. Give k(4).
-3
Let s(m) = -14*m - 151. Calculate s(-11).
3
Let h(p) = 6*p - 136. Determine h(17).
-34
Let j(t) = -t**3 - 2*t**2 + 4*t - 1. Determine j(2).
-9
Let n(i) = -3*i - 35. What is n(-9)?
-8
Let y(z) = -10*z. Determine y(1).
-10
Let c(z) = 2*z**2 + 16*z - 3. Determine c(-8).
-3
Let c(g) = -g**3 + 5*g**2 + g + 2. Give c(5).
7
Let a(p) = -p**3 - 5*p**2 + p + 1. Give a(-4).
-19
Let o(l) = -l**3 + 15*l**2 - 2*l - 8. Determine o(15).
-38
Let i(r) = -9*r**3 + 6*r - 9. Calculate i(2).
-69
Let z(c) = -c + 16. Calculate z(16).
0
Let r(u) = u + 4. Give r(-7).
-3
Let h(w) = -4*w**2 - 40*w + 17. Calculate h(-10).
17
Let n(v) = -v**2 + 11*v + 17. What is n(13)?
-9
Let r(l) = -16*l + 226. What is r(14)?
2
Let o(f) = -7*f - 59. Give o(-10).
11
Let u(z) = 27*z + 1. Give u(1).
28
Let j(u) = -u**2 - 7*u - 9. Calculate j(-3).
3
Let m(f) = f**3 + 13*f**2 - 6. Give m(-13).
-6
Let y(c) = c**2 - 2*c - 2. Determine y(-2).
6
Let g(b) = 2*b**3 - 5*b + 7. Determine g(-3).
-32
Let n(x) = 9*x**2 - 178*x - 33. Calculate n(20).
7
Let l(i) = 3*i**2 - 3*i + 2. Determine l(2).
8
Let d(a) = a**3 - 4*a**2 - 2*a - 44. Calculate d(6).
16
Let b(n) = n - 24. What is b(16)?
-8
Let l(w) = 5*w - 134. Give l(28).
6
Let p(o) = -17*o - 130. Give p(-9).
23
Let p(r) = r**3 + 2*r**2 - 5*r + 3. Calculate p(-4).
-9
Let j(a) = -a - 10. Give j(-10).
0
Let p(u) = u**2 - 45*u - 48. Calculate p(46).
-2
Let q(d) = -d**3 - 8*d**2 - 10*d + 10. Calculate q(-6).
-2
Let a(k) = 22*k**3 + 2*k**2 - 5*k + 2. What is a(1)?
21
Let l(o) = o + 2. Calculate l(-13).
-11
Let c(i) = -14*i + 43. Give c(6).
-41
Let t(v) = -5*v + 34. Calculate t(6).
4
Let y(h) = -55*h - 1. What is y(1)?
-56
Let w(h) = 4*h - 25. What is w(6)?
-1
Let u(l) = 4*l - 1. What is u(-7)?
-29
Let w(i) = -3*i + 16. What is w(2)?
10
Let h(l) = l**3 + l**2 + 16. Determine h(0).
16
Let j(i) = -56*i**2 + i. Calculate j(-1).
-57
Let g(p) = 11*p - 121. Give g(19).
88
Let h(w) = 4*w + 1. What is h(-1)?
-3
Let w(v) = -v**3 + 7*v**2 + 6*v - 11. Give w(8).
-27
Let h(c) = 23*c - 503. What is h(23)?
26
Let q(j) = 8*j**2 + j + 2. Calculate q(-2).
32
Let y(x) = -3*x - 48. Give y(-9).
-21
Let w(m) = 4*m + 16. Calculate w(-5).
-4
Let v(l) = l**2 - 15*l - 21. Determine v(16).
-5
Let u(l) = l**3 + 14*l**2 + 40*l - 55. Determine u(-9).
-10
Let m(o) = -o + 22. Give m(16).
6
Let g(o) = -o**2 - 3*o + 9. Give g(-5).
-1
Let d(z) = -5*z**3 - 2*z - 1. Determine d(-1).
6
Let h(i) = -i - 42. Give h(-19).
-23
Let k(c) = -c**3 + 9*c**2 + 9*c - 17. Determine k(8).
119
Let d(q) = -2*q**2 - 4*q - 1. Calculate d(-3).
-7
Let s(r) = -15*r**2 - 2*r. Calculate s(1).
-17
Let o(g) = g**2 + 8*g + 10. Give o(-5).
-5
Let i(s) = -s**3 - 18*s**2 + 16*s + 4. What is i(-19)?
61
Let u(h) = h**2 + 13*h - 11. What is u(8)?
157
Let h(d) = 17*d**2 - 2*d + 2. Give h(1).
17
Let q(c) = 67*c - 100. What is q(2)?
34
Let p(l) = l**3 - 10*l**2 - 8*l - 21. Calculate p(11).
12
Let t(m) = -3*m**3 - 12*m**2 + 5*m + 5. Give t(-4).
-15
Let i(y) = -9*y**2 + 82*y - 7. Determine i(9).
2
Let h(i) = i**3 + i**2 + 7*i + 20. What is h(-2)?
2
Let f(x) = x**3 + 7*x**2 + 15*x. Give f(-6).
-54
Let k(y) = -16*y + 3. Determine k(3).
-45
Let u(p) = p - 19. Calculate u(0).
-19
Let q(b) = -b**3 + 12*b**2 - 31*b + 14. What is q(8)?
22
Let v(p) = 17*p**2 - p - 4. Determine v(2).
62
Let n(m) = 3*m**2 - 9*m + 18. Give n(5).
48
Let j(l) = l + 1. Determine j(5).
6
Let h(k) = k**3 + 7*k**2 + 4*k - 5. Give h(-6).
7
Let j(y) = -y**3 + y**2 - y - 4. Give j(-2).
10
Let c(r) = r**2 + 4*r + 61. What is c(-8)?
93
Let v(s) = s**2 - 16*s + 10. Calculate v(10).
-50
Let k(l) = l + 61. Calculate k(0).
61
Let s(i) = i**2 - 2*i - 55. What is s(-7)?
8
Let x(b) = b**2 - 23*b + 39. Give x(20).
-21
Let x(b) = -2*b**2 - 22*b + 1. What is x(-11)?
1
Let v(l) = 8*l + 48. Calculate v(-4).
16
Let u(x) = -x**3 - 4*x**2 - 2*x + 4. Calculate u(-3).
1
Let d(b) = b**3 + 11*b**2 + 11*b + 3. What is d(-10)?
-7
Let c(a) = -a**3 + 12*a**2 + 13*a + 17. Give c(13).
17
Let w(q) = 14*q + 283. What is w(-20)?
3
Let g(m) = -7*m + 1. Give g(-2).
15
Let w(h) = 24*h**3 - h**2 + 2*h - 1. Determine w(1).
24
Let q(s) = -9*s**2 - 74*s - 72. Give q(-1).
-7
Let a(n) = -n**2 - 10*n - 14. Calculate a(-8).
2
Let f(v) = -240*v - 484. Determine f(-2).
-4
Let h(x) = 2*x**3 - 12*x**2 + 7*x + 2. Calculate h(5).
-13
Let c(v) = 9*v - 116. Give c(13).
1
Let j(r) = -7*r + 125. Calculate j(17).
6
Let j(a) = 5*a**3 - 2*a**2 + 2*a - 2. Determine j(2).
34
Let d(z) = 4*z**2 + 20*z - 9. Calculate d(-6).
15
Let c(k) = -4*k + 9. Give c(3).
-3
Let p(c) = -c**3 - 3*c**2 + 2*c - 2. Give p(-3).
-8
Let v(y) = y**3 - 19*y**2 + y + 14. What is v(19)?
33
Let a(g) = g**3 - 11*g**2 + 21*g - 37. Give a(9).
-10
Let m(v) = -v**3 + 12*v**2 + 7*v - 9. Give m(13).
-87
Let y(w) = -3*w + 14. Calculate y(10).
-16
Let r(f) = f**3 - 8*f**2 + 2. What is r(8)?
2
Let c(s) = -4*s + 10. What is c(0)?
10
Let d(y) = y**2 - 44*y + 153. Calculate d(40).
-7
Let d(i) = 7*i - 32. Determine d(15).
73
Let b(s) = -22*s + 17. Determine b(1).
-5
Let d(g) = 3*g - 8. Give d(-2).
-14
Let x(n) = n**3 - 9*n**2 + 8*n - 10. Give x(8).
-10
Let r(y) = -y**2 - 8*y - 9. Give r(-5).
6
Let u(n) = 12*n + 1. Determine u(-3).
-35
Let q(r) = -24*r - 7. Give q(-2).
41
Let f(n) = n**3 + 4*n**2 - 6*n - 19. What is f(-5)?
-14
Let f(o) = -46*o - 90. Give f(-2).
2
Let m(x) = -4*x - 6. Give m(-7).
22
Let q(v) = -2*v - 2. Calculate q(-4).
6
Let c(j) = -6*j - 5. What is c(-4)?
19
Let p(c) = 9*c**3 - c**2 - 2*c + 2. Calculate p(1).
8
Let w(x) = -5*x + 9. What is w(-5)?
34
Let x(s) = -2*s - 16. Determine x(-4).
-8
Let s(c) = c**2 - 7*c - 22. Calculate s(10).
8
Let j(f) = -f**3 + 7*f**2 - 3*f + 8. Calculate j(7).
-13
Let n(x) = x**2 + 10*x + 6. Calculate n(-10).
6
Let z(t) = -14*t + 63. Give z(5).
-7
Let v(l) = l**2 - 4*l + 5. Determine v(5).
10
Let p(y) = -y**3 + 10*y**2 + 6*y - 9. Calculate p(11).
-64
Let i(s) = -s**3 - 6*s**2 + 2*s + 22. Determine i(-3).
-11
Let z(q) = -q**2 + 15*q - 36. What is z(11)?
8
Let o(j) = j**2 + 5*j - 37. Calculate o(-10).
13
Let g(i) = -i**3 - 5*i**2 - 2*i - 8. Calculate g(-5).
2
Let g(h) = -h**3 + 66*h**2 - 126*h - 116. Calculate g(64).
12
Let y(w) = 2*w**2 - 2*w - 31. Calculate y(-5).
29
Let w(h) = -59*h - 198. Give w(-3).
-21
Let v(k) = -5*k**2 - 6*k. Calculate v(-2).
-8
Let z(b) = 2*b**2 - 4*b + 6. Calculate z(4).
22
Let l(x) = 3*x**2 + 3*x + 4. What is l(-3)?
22
Let t(w) = -10*w**2 - 6*w - 7. Give t(-1).
-11
Let z(j) = -5*j + 1. Calculate z(-3).
16
Let z(n) = -15*n - 23. Calculate z(-9).
112
Let d(b) = -2*b**2 + 7*b + 8. Determine d(-6).
-106
Let j(y) = y + 5. Determine j(9).
14
Let j(k) = -29*k**3 + k**2 + k + 1. Give j(-1).
30
Let q(y) = -3*y + 36. What is q(14)?
-6
Let c(g) = 26*g**2 + 157*g + 7. Give c(-6).
1
Let k(u) = -2*u**2 - 3*u + 5. What is k(-4)?
-15
Let f(q) = 12*q**3 - 2*q**2 + 2*q. What is f(1)?
12
Let i(o) = -2*o**2 + 6*o - 1. What is i(4)?
-9
Let u(l) = l**3 - 7*l**2 - 2*l. What is u(7)?
-14
Let s(v) = v**2 - 2*v - 7. Determine s(5).
8
Let a(z) = 24*z - 47. Calculate a(2).
1
Let b(u) = u**3 - 11*u**2 - 98*u - 70. Calculate b(17).
-2
Let o(i) = -i**3 - 13*i**2 + i - 4. Calculate o(-13).
-17
Let c(b) = -4*b - 2. Give c(-3).
10
Let u(i) = 13*i**2. Give u(2).
52
Let r(m) = -m - 5. What is r(-8)?
3
Let i(m) = -m + 47. What is i(-21)?
68
Let x(w) = 3*w + 30. Give x(-12).
-6
Let s(a) = 6*a + 3. What is s(5)?
33
Let k(s) = s**3 + 4*s**2 + 2*s + 3. Calculate k(-4).
-5
Let q(d) = -d**3 + 18*d**2 - 56*d - 1. Give q(14).
-1
Let o(u) = -u**2 + 13*u - 13. Give o(13).
-13
Let k(u) = -u**3 + 2*u**2 + 6*u - 5. What is k(3)?
4
Let y(h) = 3*h - 57. Determine y(15).
-12
Let u(t) = -61*t + 369. Calculate u(6).
3
Let v(y) = -y**3 + 2*y**2 + y + 2. Give v(-3).
44
Let h(u) = u**2 - 5*u - 5. Calculate h(5).
-5
Let c(q) = -8*q**2 - q + 8. Give c(2).
-26
Let q(f) = f**2 - 10*f + 10. Give q(9).
1
Let a(r) = -r**3 + 34*r + 14. Determine a(-6).
26
Let j(o) = 83*o**2. Calculate j(-1).
83
Let j(r) = 9*r + 117. Determine j(-14).
-9
Let o(d) = 3*d**3 - 4*d - 